{"id":58,"date":"2015-10-03T16:03:17","date_gmt":"2015-10-03T16:03:17","guid":{"rendered":"https:\/\/www.the-wire-man.com\/befestigungselemente\/?page_id=58"},"modified":"2017-11-29T16:39:26","modified_gmt":"2017-11-29T16:39:26","slug":"agb","status":"publish","type":"page","link":"https:\/\/www.the-wire-man.com\/befestigungselemente\/home\/agb\/","title":{"rendered":"AGB"},"content":{"rendered":"\n\t<section class=\"section\" id=\"section_161317987\">\n\t\t<div class=\"section-bg fill\" >\n\t\t\t\t\t\t\t\t\t\n\t\t\t\n\t<div class=\"is-border\"\n\t\tstyle=\"border-color:rgb(235, 235, 235);border-width:1px 0px 0px 0px;\">\n\t<\/div>\n\n\t\t<\/div>\n\n\t\t\n\n\t\t<div class=\"section-content relative\">\n\t\t\t\n\n  <div class=\"banner has-hover\" id=\"banner-418594095\">\n          <div class=\"banner-inner fill\">\n        <div class=\"banner-bg fill\" >\n            <img loading=\"lazy\" decoding=\"async\" width=\"2550\" height=\"350\" src=\"https:\/\/www.the-wire-man.com\/befestigungselemente\/wp-content\/uploads\/sites\/2\/Seitenbilder\/AGB\/Befestigung_Seitenbild_01.jpg\" class=\"bg\" alt=\"\" srcset=\"https:\/\/www.the-wire-man.com\/befestigungselemente\/wp-content\/uploads\/sites\/2\/Seitenbilder\/AGB\/Befestigung_Seitenbild_01.jpg 2550w, https:\/\/www.the-wire-man.com\/befestigungselemente\/wp-content\/uploads\/sites\/2\/Seitenbilder\/AGB\/Befestigung_Seitenbild_01-800x110.jpg 800w, https:\/\/www.the-wire-man.com\/befestigungselemente\/wp-content\/uploads\/sites\/2\/Seitenbilder\/AGB\/Befestigung_Seitenbild_01-150x21.jpg 150w, https:\/\/www.the-wire-man.com\/befestigungselemente\/wp-content\/uploads\/sites\/2\/Seitenbilder\/AGB\/Befestigung_Seitenbild_01-300x41.jpg 300w, https:\/\/www.the-wire-man.com\/befestigungselemente\/wp-content\/uploads\/sites\/2\/Seitenbilder\/AGB\/Befestigung_Seitenbild_01-768x105.jpg 768w, https:\/\/www.the-wire-man.com\/befestigungselemente\/wp-content\/uploads\/sites\/2\/Seitenbilder\/AGB\/Befestigung_Seitenbild_01-1024x141.jpg 1024w\" sizes=\"auto, (max-width: 2550px) 100vw, 2550px\" \/>                        <div class=\"overlay\"><\/div>            \n                    <\/div>\n\t\t\n        <div class=\"banner-layers container\">\n            <div class=\"fill banner-link\"><\/div>            \n   <div id=\"text-box-1341251911\" class=\"text-box banner-layer x50 md-x50 lg-x50 y50 md-y50 lg-y50 res-text\">\n                                <div class=\"text-box-content text dark\">\n              \n              <div class=\"text-inner text-center\">\n                  \n<h3 class=\"alt-font\">the wire man<\/h3>\n<h2 class=\"uppercase\"><strong>AGB<\/strong><\/h2>\n              <\/div>\n           <\/div>\n                            \n<style>\n#text-box-1341251911 {\n  width: 60%;\n}\n#text-box-1341251911 .text-box-content {\n  font-size: 100%;\n}\n<\/style>\n    <\/div>\n \n        <\/div>\n      <\/div>\n\n            \n<style>\n#banner-418594095 {\n  padding-top: 250px;\n  background-color: rgb(255,255,255);\n}\n#banner-418594095 .overlay {\n  background-color: rgba(0, 0, 0, 0.22);\n}\n#banner-418594095 .banner-bg img {\n  object-position: 42% 84%;\n}\n<\/style>\n  <\/div>\n\n\n<div class=\"row\"  id=\"row-1306386394\">\n\n\t<div id=\"col-937856348\" class=\"col small-12 large-12\"  >\n\t\t\t\t<div class=\"col-inner\"  >\n\t\t\t\n\t\t\t\n<h3><span style=\"color: #282828;\">Liefer- und Zahlungsbedingungen<\/span><\/h3>\n<p><span style=\"font-size: 100%; color: #282828;\"><strong>1. Allgemeiner Geltungsbereich<\/strong><\/span><br \/><span style=\"font-size: 100%; color: #282828;\"> Die Gesch\u00e4ftsbedingungen gelten f\u00fcr alle gegenw\u00e4rtigen und zuk\u00fcnftigen Gesch\u00e4ftsbeziehungen. Verbraucher im Sinne dieser Gesch\u00e4ftsbedingungen sind nat\u00fcrliche Personen, mit denen in Gesch\u00e4ftsbeziehung getreten wird, ohne dass diesen eine gewerbliche oder selbstst\u00e4ndige berufliche T\u00e4tigkeit zugerechnet werden kann. Unternehmer im Sinne dieser Gesch\u00e4ftsbedingungen sind nat\u00fcrliche oder juristische Personen oder rechtsf\u00e4hige Personengesellschaften, mit denen in Gesch\u00e4ftsbeziehung getreten wird, die in Aus\u00fcbung einer gewerblichen oder selbstst\u00e4ndigen beruflichen T\u00e4tigkeit handeln. Kunden im Sinne dieser Gesch\u00e4ftsbedingungen sind sowohl Verbraucher wie auch Unternehmer. Unsere Lieferungen und Leistungen erfolgen ausschlie\u00dflich aufgrund der nachstehenden Bedingungen. Abweichende, entgegenstehende oder erg\u00e4nzende Allgemeine Gesch\u00e4ftsbedingungen werden, selbst bei Kenntnis, nicht Vertragsbestandteil, es sei denn, ihre Geltung wird ausdr\u00fccklich schriftlich von uns anerkannt.<\/span><\/p>\n<p><span style=\"font-size: 100%; color: #282828;\"><strong>2. Vertragsschluss<\/strong><\/span><br \/><span style=\"font-size: 100%; color: #282828;\"> UnsereAngebote sind freibleibend, technische \u00c4nderungen sowie \u00c4nderungen in Form, Farbe und \/ oder Gewicht bleiben im Rahmen des Zumutbaren vorbehalten. Mit der Bestellung einer Ware erkl\u00e4rt der Kunde verbindlich, die bestellten Waren erwerben zu wollen. Wir sind berechtigt, das in der Bestellung liegende Vertragsangebot innerhalb von zwei Wochen nach Eingang bei uns anzunehmen. Die Annahme kann entweder schriftlich oder durch Auslieferung der Ware an den Kunden erkl\u00e4rt werden. Bestellt der Verbraucher die Ware auf elektronischem Wege, werden wir den Zugang der Bestellung unverz\u00fcglich best\u00e4tigen. Die Zugangsbest\u00e4tigung stellt noch keine verbindliche Annahme der Bestellung dar. Die Zugangsbest\u00e4tigung kann mit der Annahmeerkl\u00e4rung verbunden werden. Der Vertragsschluss erfolgt unter dem Vorbehalt der richtigen und rechtzeitigen Selbstlieferung durch unsere Zulieferer. Dies gilt nur f\u00fcr den Fall, dass die Nichtlieferung nicht von uns zu vertreten ist, insbesondere bei Abschluss eines kongruenten Deckungsgesch\u00e4ftes mit unserem Zulieferer. Der Kunde wird \u00fcber die Nichtverf\u00fcgbarkeit der Leistungen unverz\u00fcglich informiert. Die Gegenleistung wird unverz\u00fcglich zur\u00fcckerstattet. Sofern der Verbraucher die Ware auf elektronischem Wege bestellt, wird der Vertragstext von uns gespeichert und dem Kunden auf Verlangen nebst den vorliegenden AGB per E-Mail zugesandt.<\/span><\/p>\n<p><span style=\"font-size: 100%; color: #282828;\"><strong>3. Lieferung<\/strong><\/span><br \/><span style=\"font-size: 100%; color: #282828;\"> Sofern nichts anderes vereinbart ist, liefern wir \u201eab Werk\u201c. Die Lieferfrist beginnt mit dem Tage unserer Auftragsbest\u00e4tigung, jedoch nicht bevor alle Einzelheiten der Ausf\u00fchrung klargestellt sind. Mit der rechtzeitigen Meldung der Versandbereitschaft gilt sie als eingehalten, wenn uns die Absendung ohne unser Verschulden unm\u00f6glich ist. Die von uns genannten Lieferfristen gelten nur ann\u00e4hernd. F\u00fcr die Einhaltung von Lieferfrist und Liefertermin haften wir nur bei ausdr\u00fccklicher \u00dcbernahme einer Gew\u00e4hr. Die Lieferfrist verl\u00e4ngert sich &#8211; unbeschadet unserer Rechte aus Verzug des Kunden, um den Zeitraum, um den der Kunde mit seinen Verpflichtungen aus diesem oder einem anderen Abschluss in Verzug ist. Falls wir die Lieferzeit \u00fcberschreiten, muss der Kunde uns eine angemessene Nachfrist setzen. Nach Ablauf dieser Nachfrist darf er vom Vertrag insoweit zur\u00fccktreten, als die Ware bis zum Fristablauf nicht als versandbereit gemeldet ist. Teillieferungen darf der Kunde nicht zur\u00fcckweisen. H\u00f6here Gewalt und Ereignisse, die uns die Lieferung wesentlich erschweren oder unm\u00f6glich machen &#8211; hierzu geh\u00f6ren auch nachtr\u00e4glich eingetretene Materialschwierigkeiten, Preisbewegungen sowie beh\u00f6rdliche Anordnungen &#8211; berechtigen uns, auch wenn sie bei unseren Lieferanten eintreten, die Lieferung um die Dauer der Behinderung zzgl. einer angemessenen Anlaufzeit hinauszuschieben oder wegen des noch nicht erf\u00fcllten Teils vom Vertrag zur\u00fcckzutreten, ohne zu Schadensersatz verpflichtet zu sein. Der Kunde kann von uns die Erkl\u00e4rung verlangen, ob wir zur\u00fccktreten oder innerhalb angemessener Frist liefern wollen. Erkl\u00e4ren wir uns nicht, kann der Kunde zur\u00fccktreten. Verschulden unserer Lieferwerke oder anderer Dritter, von deren Mitwirkung unsere Lieferung abh\u00e4ngig ist, sowie Verschulden unserer Erf\u00fcllungsgehilfen (mit Ausnahme von Vorsatz) haben wir nicht zu vertreten.<\/span><\/p>\n<p><span style=\"font-size: 100%; color: #282828;\"><strong>4. Laufende Abschl\u00fcsse<\/strong><\/span><br \/><span style=\"font-size: 100%; color: #282828;\"> Soll ein bestimmte oder unbestimmte Menge nach und nach in Teilposten geliefert werden, so werden wir bem\u00fcht sein, die Teilmengen nach Zeit und Umfang ungef\u00e4hr gleichm\u00e4\u00dfig zu verteilen; der Kunde ist verpflichtet diese Teilmengen abzunehmen.<\/span><\/p>\n<p><span style=\"font-size: 100%; color: #282828;\"><strong>5. Preise<\/strong><\/span><br \/><span style=\"font-size: 100%; color: #282828;\"> Unsere Preise verstehen sich in Euro, ausschlie\u00dflich Verpackung, Fracht, Porto und Versicherung.<\/span><\/p>\n<p><span style=\"font-size: 100%; color: #282828;\"><strong>6. Zahlungsbedingungen<\/strong><\/span><br \/><span style=\"font-size: 100%; color: #282828;\"> Alle Rechnungen sind innerhalb von 10 Tagen ab Rechnungsdatum zur Zahlung f\u00e4llig. Nach Ablauf dieser Frist kommt der Kunde in Zahlungsverzug. Bei Ziel\u00fcberschreitung sind wir berechtigt, Verzugszinsen in H\u00f6he des Satzes in Rechnung zu stellen, den die Bank uns f\u00fcr Kontokorrentkredite berechnet, mindestens aber gegen\u00fcber Verbrauchern in H\u00f6he von 5 % \u00fcber dem Basiszinssatz und gegen\u00fcber Unternehmern in H\u00f6he von 8 % \u00fcber dem Basiszinssatz. Haben wir unstreitig teilweise fehlerhafte Ware geliefert, ist der Kunde dennoch verpflichtet, die Zahlung f\u00fcr den fehlerfreien Anteil zu leisten, es sei denn, dass die Teillieferung f\u00fcr ihn kein Interesse hat. Im \u00dcbrigen kann der Kunde nur mit rechtskr\u00e4ftig festgestellten und \/ oder unbestrittenen Gegenanspr\u00fcchen aufrechnen. Ein Zur\u00fcckbehaltungsrecht kann nur ausge\u00fcbt werden, wenn der Gegenanspruch aus dem selben Vertragsverh\u00e4ltnis beruht. Wir sind berechtigt mit und gegen Forderungen aufzurechnen, die uns gegen den Kunden zustehen bzw. die der Kunde gegen uns hat. Die Aufrechnung ist auch dann zul\u00e4ssig, wenn die Forderungen oder die Gegenforderungen noch nicht f\u00e4llig sind. In diesem Falle wird mit Wertstellung abgerechnet.<\/span><\/p>\n<p><span style=\"font-size: 100%; color: #282828;\"><strong>7. Eigentumsvorbehalt<\/strong><\/span><br \/><span style=\"font-size: 100%; color: #282828;\"> Bei Vertr\u00e4gen mit Verbrauchern behalten wir und das Eigentum an der Ware bis zur vollst\u00e4ndigen Zahlung des Kaufpreises vor. Bei Vertr\u00e4gen mit Unternehmern behalten wir und das Eigentum an der Ware bis zur vollst\u00e4ndigen Begleichung aller Forderungen aus der Gesch\u00e4ftsverbindung vor. Der Kunde ist verpflichtet uns einen Zugriff Dritter auf die Ware, etwa im Falle einer Pf\u00e4ndung sowie etwaiger Besch\u00e4digungen oder die Vernichtung der Ware unverz\u00fcglich mitzuteilen. Ein Besitzwechsel der Ware sowie den eigenen Wohnsitzwechsel hat uns der Kunde unverz\u00fcglich anzuzeigen. Bei Pflichtverletzungen des Kunden, bzw. bei Zahlungsverzug, sind nach erfolglosem Ablauf einer dem Kunden gesetzten angemessenen Frist zur Leistung, zum R\u00fccktritt und zur R\u00fccknahme berechtigt. Die gesetzlichen Bestimmungen \u00fcber die Entbehrlichkeit einer Fristsetzung bleiben unber\u00fchrt. Der Kunde ist zur Herausgabe verpflichtet. Wir sind zum R\u00fccktritt vom Vertrag berechtigt, wenn Antrag auf Er\u00f6ffnung des Insolvenzverfahrens \u00fcber das Verm\u00f6gen des Kunden gestellt wird. Der Unternehmer ist berechtigt, die Ware im ordentlichen Gesch\u00e4ftsgang weiterzuver\u00e4u\u00dfern. Er tritt uns bereits jetzt alle Forderungen in H\u00f6he des Rechnungsbetrags ab, die ihn durch die Weiterver\u00e4u\u00dferung gegen einen Dritten erwachsen. Wir nehmen die Abtretung an. Nach der Abtretung ist der Unternehmer zur Einziehung der Forderung erm\u00e4chtigt. Wir behalten uns vor die Forderung selbst einzuziehen, sobald der Unternehmer seinen Zahlungsverpflichtungen nicht ordnungsgem\u00e4\u00df nachkommt und in Zahlungsverzug ger\u00e4t. Eine etwaige Be- oder Verarbeitungen der Vorbehaltsware durch den Unternehmer erfolgt stets f\u00fcr uns. Erfolgt eine Verarbeitung mit uns nicht geh\u00f6renden Gegenst\u00e4nden, so erwerben wir an der neuen Sache das Miteigentum im Verh\u00e4ltnis zum Wert der von uns gelieferten Ware zu den sonstigen verarbeiteten Gegenst\u00e4nden. Dasselbe gilt, wenn die Ware mit anderen uns nicht geh\u00f6renden Gegenst\u00e4nden vermischt wird. Der Kunde verwahrt das Eigentum oder Miteigentum f\u00fcr uns. F\u00fcr die durch Verarbeitung oder Verbindung bzw. Vermischung entstehende Sache gilt im \u00dcbrigen das Gleiche wie f\u00fcr die Vorbehaltsware.<\/span><\/p>\n<p><span style=\"font-size: 100%; color: #282828;\"><strong>8. Abnahme<\/strong><\/span><br \/><span style=\"font-size: 100%; color: #282828;\"> Soll die Ware durch Beauftragte des Kunden besonders gepr\u00fcft und abgenommen werden, so muss dies bei der Auftragserteilung ausdr\u00fccklich vereinbart werden. Im Falle einer solchen Abnahme tragen wir die sachlichen Kosten, w\u00e4hrend die pers\u00f6nliche Abnahme und die Testkosten zu Lasten des K\u00e4ufers gehen. Falls besondere G\u00fctevorschriften vereinbart sind, kann der Besteller die Ware im Lieferwerk abnehmen; wird dieses Recht nicht unverz\u00fcglich nach erfolgter Anzeige der Versandbereitschaft ausge\u00fcbt, so gilt die Ware mit dem Verlassen des Lieferwerks als vertragsm\u00e4\u00dfig ausgeliefert. Als G\u00fctevorschriften kommen die jeweiligen Normvorschriften des Herstellerlandes zur Anwendung. Gelegenheitsposten zu Ausnahmepreisen sowie IIa- und Endenmaterial sind vor Versand zu besichtigen; anderenfalls gilt die Ware mit dem Verlassen der Lagerst\u00e4tte bzw. des Lieferwerkes an bedingungsgem\u00e4\u00df geliefert. Nachtr\u00e4gliche Beanstandungen werden ausgeschlossen.<\/span><\/p>\n<p><span style=\"font-size: 100%; color: #282828;\"><strong>9. Versand und Gefahr\u00fcbergang<\/strong><\/span><br \/><span style=\"font-size: 100%; color: #282828;\"> Ist der Kunde Unternehmer, geht die Gefahr des zuf\u00e4lligen Untergangs und der zuf\u00e4lligen Verschlechterung der Ware mit der \u00dcbergabe, beim Versendungskauf mit der Auslieferung der Sache an den Spediteur, den Frachtf\u00fchrer oder der sonst zur Ausf\u00fchrung der Versendung bestimmten Person oder Anstalt auf den Kunden \u00fcber. Ist der Kunde Verbraucher, geht die Gefahr des zuf\u00e4lligen Untergangs und der zuf\u00e4lligen Verschlechterung der verkauften Sache auch beim Versendungskauf erst mit der \u00dcbergabe der Sache auf den Kunden \u00fcber. Der \u00dcbergabe steht es gleich, wenn der Kunde im Verzug der Annahme ist.<\/span><\/p>\n<p><span style=\"font-size: 100%; color: #282828;\"><strong>10. M\u00e4ngelhaftung<\/strong><\/span><br \/><span style=\"font-size: 100%; color: #282828;\"> Die Beschaffenheit der Ware richtet sich ausschlie\u00dflich nach den vereinbarten technischen Liefervorschriften. Falls wir nach Zeichnungen, Spezifikationen, Mustern usw. unseres Kunden zu liefern haben, \u00fcbernimmt dieser das Risiko der Eignung f\u00fcr den vorgesehenen Verwendungszweck. Entscheidend f\u00fcr den vertragsgem\u00e4\u00dfen Zustand der Ware ist der Zeitpunkt des Gefahr\u00fcbergangs gem. Ziff 9. Ist der Kunde Unternehmer, leisten wir f\u00fcr die Ware zun\u00e4chst nach unserer Wahl Gew\u00e4hr durch Nachbesserung oder Ersatzlieferung. Ist der Kunde Verbraucher, hat er zun\u00e4chst die Wahl, ob die Nacherf\u00fcllung durch Nachbesserung oder Ersatzlieferung erfolgen soll. Wir sind jedoch berechtigt, die Art der gew\u00e4hlten Nacherf\u00fcllung zu verweigern, wenn sie nur mit unverh\u00e4ltnism\u00e4\u00dfigen Kosten m\u00f6glich ist und die andere Art der Nacherf\u00fcllung ohne erhebliche Nachteile f\u00fcr den Verbraucher bleibt. Schl\u00e4gt die Nacherf\u00fcllung fehl, kann der Kunde grunds\u00e4tzlich nach seiner Wahl Herabsetzung der Verg\u00fctung (Minderung) oder R\u00fcckg\u00e4ngigmachung des Vertrages (R\u00fccktritt) verlangen. Bei einer nur geringf\u00fcgigen Vertragswidrigkeit, insbesondere bei nur geringf\u00fcgigen M\u00e4ngeln, steht dem Kunden jedoch kein R\u00fccktrittsrecht zu. Unternehmer m\u00fcssen uns offensichtliche M\u00e4ngel innerhalb einer Frist von zwei Wochen ab Empfang der Ware schriftlich anzeigen; andernfalls ist die Geltendmachung des Gew\u00e4hrleistungsanspruchs ausgeschlossen. Zur Fristwahrung gen\u00fcgt die rechtzeitige Absendung. Den Unternehmer trifft die volle Beweislast f\u00fcr s\u00e4mtliche Anspruchsvoraussetzungen, insbesondere f\u00fcr den Mangel selbst, f\u00fcr den Zeitpunkt der Feststellung des Mangels und f\u00fcr die Rechtzeitigkeit der M\u00e4ngelr\u00fcge. Verbraucher m\u00fcssen uns innerhalb einer Frist von zwei Monaten nach dem Zeitpunkt, zu dem vertragswidrige Zustand der Ware festgestellt wurde, \u00fcber offensichtliche M\u00e4ngel schriftlich unterrichten. Ma\u00dfgeblich f\u00fcr die Wahrung der Frist ist der Zugang der Unterrichtung bei uns. Unterl\u00e4sst der Verbraucher diese Unterrichtung, erl\u00f6schen die Gew\u00e4hrleistungsrechte zwei Monate nach seiner Feststellung des Mangels. Das gilt nicht bei Arglist des Verk\u00e4ufers. Die Beweislast f\u00fcr den Zeitpunkt der Feststellung des Mangels trifft den Verbraucher. Wurde der Verbraucher durch unzutreffende Herstelleraussagen zum Kauf der Sache bewogen, trifft ihn f\u00fcr seine Kaufentscheidung die Beweislast. Bei gebrauchten G\u00fctern trifft den Verbraucher die Beweislast f\u00fcr die Mangelhaftigkeit der Sache. Beh\u00e4lt der Kunde wegen eines Rechts- oder Sachmangels nach gescheiterter Nacherf\u00fcllung den R\u00fccktritt vom Vertrag, steht ihm daneben kein Schadenersatzanspruch wegen des Mangels zu. Beh\u00e4lt der Kunde nach gescheiterter Nacherf\u00fcllung Schadensersatz, verbleibt die Ware beim Kunden, wenn ihm dies zumutbar ist. Der Schadensersatz beschr\u00e4nkt sich auf die Differenz zwischen Kaufpreis und Wert der mangelhaften Sache. Das gilt nicht, wenn wir die Vertragsverletzung arglistig verursacht haben. F\u00fcr Unternehmer betr\u00e4gt die Gew\u00e4hrleistungsfrist ein Jahr ab Lieferung der Ware. F\u00fcr die Verbraucher betr\u00e4gt die Gew\u00e4hrleistungsfrist zwei Jahre ab Lieferung der Ware. Bei gebrauchten Sachen betr\u00e4gt die Gew\u00e4hrleistungsfrist ein Jahr ab Lieferung der Ware. Das gilt nicht, wenn der Kunde uns den Mangel nicht rechtzeitig angezeigt hat. Erh\u00e4lt der Kunde eine mangelhafte Montageanleitung, sind wir lediglich zur Lieferung einer mangelfreien Montageanleitung verpflichtet und dies auch nur dann, wenn der Mangel der Montageanleitung der ordnungsgem\u00e4\u00dfen Montage entgegensteht. Garantien im Rechtssinne erh\u00e4lt der Kunde durch uns nicht. Herstellergarantien bleiben hiervon unber\u00fchrt.<\/span><\/p>\n<p><span style=\"font-size: 100%; color: #282828;\"><strong>11. Haftungsbeschr\u00e4nkungen<\/strong><\/span><br \/><span style=\"font-size: 100%; color: #282828;\"> Bei leicht fahrl\u00e4ssigen Pflichtverletzungen beschr\u00e4nkt sich unsere Haftung auf den nach der Art der Ware vorhersehbaren, vertragstypischen, unmittelbaren Durchschnittsschaden. Das gilt auch bei leicht fahrl\u00e4ssigen Pflichtverletzungen unserer gesetzlichen Vertreter oder Erf\u00fcllungsgehilfen. Gegen\u00fcber Unternehmen haften wir bei leicht fahrl\u00e4ssiger Verletzung unwesentlicher Vertragspflichten nicht. Die vorstehenden Haftungsbeschr\u00e4nkungen betreffen nicht Anspr\u00fcche des Kunden aus Produkthaftung. Weiter gelten die Haftungsbeschr\u00e4nkungen nicht bei uns zurechenbaren K\u00f6rper- und Gesundheitssch\u00e4den oder bei Verlust des Lebens des Kunden. Schadensersatzanspr\u00fcche des Kunden wegen eines Mangels verj\u00e4hren nach einem Jahr ab Lieferung der Ware. Das gilt nicht, wenn uns Arglist vorwerfbar ist.<\/span><\/p>\n<p><span style=\"font-size: 100%; color: #282828;\"><strong>12. Schlussbestimmungen<\/strong><\/span><br \/><span style=\"font-size: 100%; color: #282828;\"> Es gilt das Recht der Bundesrepublik Deutschland. Die Bestimmungen des UN-Kaufrechts finden keine Anwendung. Ist der Kunde Kaufmann, juristische Person des \u00f6ffentlichen Rechts oder \u00f6ffentlichrechtliches Sonderverm\u00f6gen, ist ausschlie\u00dflicher Gerichtsstand f\u00fcr alle Streitigkeiten aus diesem Vertrag unser Gesch\u00e4ftssitz. Dasselbe gilt, wenn der Kunde keinen allgemeinen Gerichtsstand in Deutschland hat oder Wohnsitz oder gew\u00f6hnlicher Aufenthalt im Zeitpunkt der Klageerhebung nicht bekannt sind. Sollten einzelne Bestimmungen dieses Vertrages mit dem Kunden einschlie\u00dflich der allgemeinen Gesch\u00e4ftsbedingungen ganz oder teilweise unwirksam sein oder werden, so wird hierdurch die G\u00fcltigkeit der \u00fcbrigen Bestimmungen nicht ber\u00fchrt. Die ganze oder teilweise unwirksame Regelung soll durch eine Regelung ersetzt werden, deren wirtschaftlicher Erfolg dem der unwirksamen m\u00f6glichst nahe kommt.<\/span><\/p>\n\t\t<\/div>\n\t\t\t\t\t<\/div>\n\n\t\n<\/div>\n\t\t<\/div>\n\n\t\t\n<style>\n#section_161317987 {\n  padding-top: 0px;\n  padding-bottom: 0px;\n  background-color: rgb(245, 245, 245);\n}\n<\/style>\n\t<\/section>\n\t\n","protected":false},"excerpt":{"rendered":"","protected":false},"author":1,"featured_media":0,"parent":2,"menu_order":1924,"comment_status":"closed","ping_status":"closed","template":"page-blank.php","meta":{"footnotes":""},"class_list":["post-58","page","type-page","status-publish","hentry"],"_links":{"self":[{"href":"https:\/\/www.the-wire-man.com\/befestigungselemente\/wp-json\/wp\/v2\/pages\/58","targetHints":{"allow":["GET"]}}],"collection":[{"href":"https:\/\/www.the-wire-man.com\/befestigungselemente\/wp-json\/wp\/v2\/pages"}],"about":[{"href":"https:\/\/www.the-wire-man.com\/befestigungselemente\/wp-json\/wp\/v2\/types\/page"}],"author":[{"embeddable":true,"href":"https:\/\/www.the-wire-man.com\/befestigungselemente\/wp-json\/wp\/v2\/users\/1"}],"replies":[{"embeddable":true,"href":"https:\/\/www.the-wire-man.com\/befestigungselemente\/wp-json\/wp\/v2\/comments?post=58"}],"version-history":[{"count":2,"href":"https:\/\/www.the-wire-man.com\/befestigungselemente\/wp-json\/wp\/v2\/pages\/58\/revisions"}],"predecessor-version":[{"id":10907,"href":"https:\/\/www.the-wire-man.com\/befestigungselemente\/wp-json\/wp\/v2\/pages\/58\/revisions\/10907"}],"up":[{"embeddable":true,"href":"https:\/\/www.the-wire-man.com\/befestigungselemente\/wp-json\/wp\/v2\/pages\/2"}],"wp:attachment":[{"href":"https:\/\/www.the-wire-man.com\/befestigungselemente\/wp-json\/wp\/v2\/media?parent=58"}],"curies":[{"name":"wp","href":"https:\/\/api.w.org\/{rel}","templated":true}]}}