{"id":12520,"date":"2019-11-22T08:33:27","date_gmt":"2019-11-22T08:33:27","guid":{"rendered":"https:\/\/www.the-wire-man.com\/befestigungselemente\/?page_id=12520"},"modified":"2025-08-12T16:16:23","modified_gmt":"2025-08-12T16:16:23","slug":"service","status":"publish","type":"page","link":"https:\/\/www.the-wire-man.com\/befestigungselemente\/home\/service\/","title":{"rendered":"Service"},"content":{"rendered":"\t<div id=\"gap-2005229113\" class=\"gap-element clearfix\" style=\"display:block; height:auto;\">\n\t\t\n<style>\n#gap-2005229113 {\n  padding-top: 30px;\n}\n<\/style>\n\t<\/div>\n\t\n\n<div class=\"row\"  id=\"row-447882989\">\n\n\n\t<div id=\"col-626506716\" class=\"col medium-6 small-12 large-6\"  >\n\t\t\t\t<div class=\"col-inner\"  >\n\t\t\t\n\t\t\t\n\n\t<div id=\"text-371794541\" class=\"text\">\n\t\t\n\n<h1 class=\"uppercase\" style=\"text-align: center;\"><span style=\"color: #003078;\"><span style=\"font-size: 140%;\">Wir bieten ihnen einen<br \/><\/span><span style=\"font-size: 263%;\">besonderen<br \/><\/span><span style=\"font-size: 430%;\">service<\/span><\/span><\/h1>\n\t\t\n<style>\n#text-371794541 {\n  font-size: 0.75rem;\n}\n<\/style>\n\t<\/div>\n\t\n\n\t\t<\/div>\n\t\t\t\t\t<\/div>\n\n\t\n\n\t<div id=\"col-1899052538\" class=\"col medium-6 small-12 large-6\"  >\n\t\t\t\t<div class=\"col-inner\"  >\n\t\t\t\n\t\t\t\n\n<p><span style=\"color: #003078; font-size: 100%;\" data-line-height=\"s\">Wir erstellen Ihnen personalisierte Prospekte mit den von uns gelieferten Produkten und Ihrem Firmenlogo. Es besteht auch die M\u00f6glichkeit, die Prospekte kostenlos zu erhalten.\u00a0<\/span><\/p>\n<p><span style=\"color: #003078; font-size: 100%;\" data-line-height=\"s\"><span style=\"color: #003078;\">Kontaktieren Sie uns. Wir stehen Ihnen f\u00fcr Fragen gerne direkt per Telefon, per Mail oder bei einem pers\u00f6nlichen Termin zur Verf\u00fcgung.\u00a0<\/span>\u00a0<\/span><\/p>\n\n\t\t<\/div>\n\t\t\t\t\t<\/div>\n\n\t\n\n<\/div>\n<div class=\"row row-large\"  id=\"row-56420225\">\n\n\n\t<div id=\"col-1182987503\" class=\"col small-12 large-12\"  >\n\t\t\t\t<div class=\"col-inner text-center\"  >\n\t\t\t\n\t\t\t\n\n<div class=\"row row-large\"  id=\"row-856206939\">\n\n\n\t<div id=\"col-1556433067\" class=\"col medium-5 small-7 large-5\"  >\n\t\t\t\t<div class=\"col-inner text-left\"  >\n\t\t\t\n\t\t\t\n\n    <div class=\"box has-hover has-hover box-shadow-1 box-shadow-2-hover box-vertical box-text-bottom\" >\n\n                  <div class=\"box-image \" style=\"width:35%;\">\n           <div class=\"box-image-inner image-cover\" style=\"padding-top:350px;\">\n              <img loading=\"lazy\" decoding=\"async\" width=\"120\" height=\"240\" src=\"https:\/\/www.the-wire-man.com\/befestigungselemente\/wp-content\/uploads\/sites\/2\/Seitenbilder\/Team\/Lutomski.jpg\" class=\"attachment-original size-original\" alt=\"\" srcset=\"https:\/\/www.the-wire-man.com\/befestigungselemente\/wp-content\/uploads\/sites\/2\/Seitenbilder\/Team\/Lutomski.jpg 120w, https:\/\/www.the-wire-man.com\/befestigungselemente\/wp-content\/uploads\/sites\/2\/Seitenbilder\/Team\/Lutomski-75x150.jpg 75w\" sizes=\"auto, (max-width: 120px) 100vw, 120px\" \/>                         <\/div>\n          <\/div>\n         \n          <div class=\"box-text text-center is-small\" >\n                <div class=\"box-text-inner\">\n                  <h4 class=\"uppercase\">\n                    <span class=\"person-name\">Jens Lutomski<\/span><br\/>\n                    <span class=\"person-title is-small thin-font op-7\">\n                      Vertrieb Befestigungselemente                    <\/span>\n                  <\/h4>\n\t\t\t\t\t\n\n<p>Fon +49 2371 95316-0<br \/>Fax +49 2371 95316-16<br \/><a href=\"mailto:jakob@the-wire-man.com\">jens@the-wire-man.com<\/a><\/p>\n\n                <\/div>\n          <\/div>\n    <\/div>\n\n\t\n    \n\n\t\t<\/div>\n\t\t\t\t\n<style>\n#col-1556433067 > .col-inner {\n  margin: 0px 0px 0px 0px;\n  max-width: 400px;\n}\n<\/style>\n\t<\/div>\n\n\t\n\n<\/div>\n\n\t\t<\/div>\n\t\t\t\t\t<\/div>\n\n\t\n\n<\/div>","protected":false},"excerpt":{"rendered":"","protected":false},"author":1,"featured_media":0,"parent":2,"menu_order":0,"comment_status":"closed","ping_status":"closed","template":"","meta":{"footnotes":""},"class_list":["post-12520","page","type-page","status-publish","hentry"],"_links":{"self":[{"href":"https:\/\/www.the-wire-man.com\/befestigungselemente\/wp-json\/wp\/v2\/pages\/12520","targetHints":{"allow":["GET"]}}],"collection":[{"href":"https:\/\/www.the-wire-man.com\/befestigungselemente\/wp-json\/wp\/v2\/pages"}],"about":[{"href":"https:\/\/www.the-wire-man.com\/befestigungselemente\/wp-json\/wp\/v2\/types\/page"}],"author":[{"embeddable":true,"href":"https:\/\/www.the-wire-man.com\/befestigungselemente\/wp-json\/wp\/v2\/users\/1"}],"replies":[{"embeddable":true,"href":"https:\/\/www.the-wire-man.com\/befestigungselemente\/wp-json\/wp\/v2\/comments?post=12520"}],"version-history":[{"count":49,"href":"https:\/\/www.the-wire-man.com\/befestigungselemente\/wp-json\/wp\/v2\/pages\/12520\/revisions"}],"predecessor-version":[{"id":15439,"href":"https:\/\/www.the-wire-man.com\/befestigungselemente\/wp-json\/wp\/v2\/pages\/12520\/revisions\/15439"}],"up":[{"embeddable":true,"href":"https:\/\/www.the-wire-man.com\/befestigungselemente\/wp-json\/wp\/v2\/pages\/2"}],"wp:attachment":[{"href":"https:\/\/www.the-wire-man.com\/befestigungselemente\/wp-json\/wp\/v2\/media?parent=12520"}],"curies":[{"name":"wp","href":"https:\/\/api.w.org\/{rel}","templated":true}]}}